2119754?
7
What is the thousands digit of 163026931?
6
What is the ten millions digit of 79337097?
7
What is the ten thousands digit of 128359645?
5
What is the ten millions digit of 84678520?
8
What is the hundred thousands digit of 951179923?
1
What is the millions digit of 52792253?
2
What is the hundred millions digit of 4471363714?
4
What is the units digit of 128071469?
9
What is the millions digit of 17234142?
7
What is the ten thousands digit of 472122947?
2
What is the hundred millions digit of 691333154?
6
What is the units digit of 106489407?
7
What is the hundred millions digit of 142898742?
1
What is the ten millions digit of 766664192?
6
What is the ten thousands digit of 46444337?
4
What is the units digit of 2392988360?
0
What is the hundred thousands digit of 49706361?
7
What is the millions digit of 403392071?
3
What is the hundred thousands digit of 96735138?
7
What is the tens digit of 55012911?
1
What is the units digit of 1315351686?
6
What is the hundreds digit of 654931883?
8
What is the hundred thousands digit of 37517802?
5
What is the units digit of 126447313?
3
What is the thousands digit of 169173599?
3
What is the hundred millions digit of 275020840?
2
What is the tens digit of 601347523?
2
What is the tens digit of 116574989?
8
What is the tens digit of 98790508?
0
What is the hundred thousands digit of 3546555480?
5
What is the ten thousands digit of 65554981?
5
What is the ten millions digit of 52778380?
5
What is the millions digit of 1716084422?
6
What is the ten millions digit of 38749594?
3
What is the thousands digit of 135879110?
9
What is the hundred thousands digit of 124311218?
3
What is the hundreds digit of 703642012?
0
What is the hundred millions digit of 334867547?
3
What is the hundred thousands digit of 264191969?
1
What is the tens digit of 39049613?
1
What is the hundred thousands digit of 278361837?
3
What is the tens digit of 50124050?
5
What is the hundred thousands digit of 3555671?
5
What is the units digit of 287465951?
1
What is the hundred thousands digit of 10485887?
4
What is the ten millions digit of 11321303?
1
What is the ten thousands digit of 4170164751?
6
What is the thousands digit of 44915838?
5
What is the thousands digit of 28680092?
0
What is the thousands digit of 124180788?
0
What is the thousands digit of 87046442?
6
What is the thousands digit of 50020554?
0
What is the hundred millions digit of 326711440?
3
What is the hundreds digit of 8328174?
1
What is the units digit of 2122197779?
9
What is the units digit of 1183091318?
8
What is the tens digit of 446534127?
2
What is the ten thousands digit of 2070843814?
4
What is the hundred thousands digit of 50080974?
0
What is the thousands digit of 4123828909?
8
What is the ten thousands digit of 46093257?
9
What is the tens digit of 910969112?
1
What is the hundred millions digit of 1046309252?
0
What is the millions digit of 28432714?
8
What is the millions digit of 42843269?
2
What is the hundreds digit of 43666026?
0
What is the tens digit of 15756577?
7
What is the hundreds digit of 10663738?
7
What is the tens digit of 8208224504?
0
What is the hundred millions digit of 1431378403?
4
What is the tens digit of 422518300?
0
What is the billions digit of 1948500368?
1
What is the hundred thousands digit of 89756286?
7
What is the ten thousands digit of 182377036?
7
What is the millions digit of 4445039242?
5
What is the tens digit of 28721389?
8
What is the hundred thousands digit of 60765140?
7
What is the ten millions digit of 424393264?
2
What is the thousands digit of 104848210?
8
What is the units digit of 96576481?
1
What is the units digit of 124741363?
3
What is the units digit of 209253248?
8
What is the tens digit of 44433386?
8
What is the ten thousands digit of 532423837?
2
What is the thousands digit of 29072856?
2
What is the millions digit of 25995242?
5
What is the hundred thousands digit of 38063407?
0
What is the tens digit of 508373823?
2
What is the ten thousands digit of 130539580?
3
What is the millions digit of 33845144?
3
What is the hundred thousands digit of 36130350?
1
What is the hundred thousands digit of 102288058?
2
What is the units digit of 3625239406?
6
What is the thousands digit of 80688036?
8
What is the millions digit of 112990820?
2
What is the millions digit of 60176208?
0
What is the millions digit of 1021538853?
1
What is the tens digit of 1435515217?
1
What is the units digit of 872486317?
7
What is the hundreds digit of 39130377?
3
What is the ten thousands digit of 26984797?
8
What is the units digit of 49836701?
1
What is the thousands digit of 346351530?
1
What is the thousands digit of 164229614?
9
What is the thousands digit of 802943065?
3
What is the ten thousands digit of 71661579?
6
What is the units digit of 349926750?
0
What is the hundreds digit of 76573904?
9
What is the ten thousands digit of 556241486?
4
What is the millions digit of 80217941?
0
What is the hundreds digit of 783546056?
0
What is the millions digit of 1806409968?
6
What is the ten millions digit of 914192206?
1
What is the ten thousands digit of 1116655841?
5
What is the billions digit of 2428671985?
2
What is the hundred thousands digit of 18816931?
8
What is the units digit of 9173584434?
4
What is the tens digit of 315761540?
4
What is the units digit of 142601776?
6
What is the ten thousands digit of 31035061?
3
What is the hundred thousands digit of 323348000?
3
What is the hundred thousands digit of 2077870267?
8
What is the thousands digit of 111050666?
0
What is the thousands digit of 255386289?
6
What is the tens digit of 80422134?
3
What is the millions digit of 363056132?
3
What is the hundreds digit of 300595832?
8
What is the hundred thousands digit of 27801917?
8
What is the thousands digit of 22439894?
9
What is the units digit of 193685393?
3
What is the hundreds digit of 51914062?
0
What is the hundred millions digit of 865340219?
8
What is the ten thousands digit of 71640183?
4
What is the thousands digit of 6899051105?
1
What is the ten thousands digit of 83534198?
3
What is the tens digit of 142119689?
8
What is the hundreds digit of 22701972?
9
What is the tens digit of 527732132?
3
What is the millions digit of 107598407?
7
What is the hundreds digit of 1000367371?
3
What is the hundred thousands digit of 1501841110?
8
What is the tens digit of 5200406086?
8
What is the hundred thousands digit of 1043905069?
9
What is the ten millions digit of 3369957667?
6
What is the thousands digit of 536010951?
0
What is the ten millions digit of 20894889?
2
What is the tens digit of 413702901?
0
What is the units digit of 93367064?
4
What is the millions digit of 2979943?
2
What is the hundred thousands digit of 6570444592?
4
What is the millions digit of 91729415?
1
What is the millions digit of 19956328?
9
What is the ten thousands digit of 92597784?
9
What is the ten thousands digit of 12240464?
4
What is the hundreds digit of 31221814?
8
What is the hundred thousands digit of 19340888?
3
What is the ten thousands digit of 45194495?
9
What is the millions digit of 58931861?
8
What is the millions digit of 197386663?
7
What is the hundred thousands digit of 161200013?
2
What is the thousands digit of 39449276?
9
What is the hundred thousands digit of 132342596?
3
What is the ten millions digit of 2881523032?
8
What is the units digit of 32486204?
4
What is the hundreds digit of 322026160?
1
What is the hundred millions digit of 3341157713?
3
What is the ten millions digit of 2634270040?
3
What is the hundreds digit of 28607190?
1
What is the millions digit of 1642708135?
2
What is the billions digit of 2287434347?
2
What is the hundred thousands digit of 556864755?
8
What is the units digit of 119002484?
4
What is the units digit of 2528974111?
1
What is the ten thousands digit of 730625615?
2
What is the units digit of 238932220?
0
What is the thousands digit of 15989252?
9
What is the hundreds digit of 40912537?
5
What is the ten thousands digit of 84015622?
1
What is the thousands digit of 4190531327?
1
What is the ten millions digit of 109059573?
0
What is the ten millions digit of 95220721?
9
What is the millions digit of 47517049?
7
What is the hundred thousands digit of 4